= 264*c**2 + 20*c. What are the prime factors of k(-2)?
2, 127
Let p = -641 + 641. Suppose 26*s + 2434 - 11118 = p. What are the prime factors of s?
2, 167
Suppose -923949 = -73*v - 24*v - 52*v. List the prime factors of v.
3, 13, 53
Let h = 113412 - 55526. What are the prime factors of h?
2, 103, 281
Suppose -1357*u = -1333*u - 227880. List the prime factors of u.
3, 5, 211
Suppose -2*f + 18*f = 48. Suppose -3*c + 2*z = -0*c - 409, -3*z = f*c - 399. What are the prime factors of c?
3, 5
Let u = -4404 + 5050. What are the prime factors of u?
2, 17, 19
Let w(f) = 2*f - 74. Let n be w(-6). List the prime factors of -2 + (6 - (n - -4)).
2, 43
Let n(w) = w**3 + 7*w**2 + 294. Let v be n(0). Let f = 604 - v. What are the prime factors of f?
2, 5, 31
Suppose 0 = 10*l + 12*l - 572. Let o(t) = t**3 - 26*t**2 + 6*t + 54. List the prime factors of o(l).
2, 3, 5, 7
Suppose -3*i + 5*x = -138184, -3*i - 5*x = 2*i - 230320. What are the prime factors of i?
73, 631
Suppose 0 = -2*f - 6, 0 = 4*r - f - 2 - 13. Suppose -2*w + 3*h = -209, -r*w - h + 208 = -111. Let a = w - 39. What are the prime factors of a?
67
Let f(x) be the second derivative of x**4/3 - 2*x**3 - 23*x**2/2 + 8*x. Let p be f(-9). Suppose 8 = -5*v - 12, 3*z - p = -2*v. What are the prime factors of z?
139
Let d(q) = -q**2 + 5*q + 4. Let x be d(5). Let h be 177/(2/(0 + x)). Let n = -208 + h. What are the prime factors of n?
2, 73
Suppose 2 = -2*j, 21*j = -3*a + 18*j + 125487. List the prime factors of a.
2, 5, 47, 89
Suppose 270041 = 4*y - o, 0 = -4*y + 672*o - 673*o + 270023. What are the prime factors of y?
2, 7, 2411
Let a(b) = -b**2 + 11*b - 22. Let p be a(4). What are the prime factors of 57/(-9) - -7 - (-2588)/p?
2, 3
Let w(f) = -4*f**3 - f**2 - 7*f**2 + 2*f**3 + 3 - 4*f**2. Let j be w(-6). Suppose -j*g + 71 = 5. What are the prime factors of g?
2, 11
Let n(o) = 4*o + 30. Let a(v) = -v**2 - 15*v - 20. Let c be a(-14). Let p be n(c). What are the prime factors of (-1 - -4*(-3)/p)*-15?
3, 5
Let q(x) = -3*x + 69. Let k be q(23). Suppose -2*f + 62 = 2*a, -a + 3*f + 4 + 11 = k. List the prime factors of a.
3
Let d be 11*91 - (-12 + 13 + 0). Suppose 15*g - 8605 = -d. What are the prime factors of g?
3, 13
Let t = 1622 + -826. Let v = t + -404. List the prime factors of v.
2, 7
Suppose -4*f - 3*l + 14913 = 0, 1596*f - 1590*f + l = 22373. What are the prime factors of f?
3, 11, 113
Suppose -s = -j + 2*s - 7, 3*j + 3*s - 27 = 0. Let n(x) = 19*x - j - 30 - 8 + 6. List the prime factors of n(11).
2, 43
Suppose o = 31 - 28. Suppose h - 9*b = -12*b + 108, -o*b + 414 = 4*h. What are the prime factors of h?
2, 3, 17
List the prime factors of (525/1000 + (-3)/24)/((-2)/(-14090)).
2, 1409
Let j be 23741/4 + 35/(-140). Suppose -7*a = -j - 2087. What are the prime factors of a?
2, 3, 191
Suppose 0 = 7*g - 93 + 79. Suppose 4*f - 1136 = -2*q, -q + 3*q - 1166 = g*f. List the prime factors of q.
2, 17
Suppose -4*g = -3*p - 128090, 23*g - 26*g + 2*p + 96067 = 0. What are the prime factors of g?
11, 41, 71
Let q = -667 - -1084. Let m = q + -259. What are the prime factors of m?
2, 79
Let s(v) = 4*v**2 + 3*v - 35. Let w be s(7). Suppose 0 = -k - i + w + 81, 2*k - 5*i - 554 = 0. What are the prime factors of k?
3, 89
Let q be (-22)/(-10) - 2/10. Suppose q*x + 7 = 25. Suppose x = 4*v - 107. List the prime factors of v.
29
Let b(s) = 1905*s**2 + 5*s + 77. List the prime factors of b(-4).
3, 13, 29
Suppose -4212 = -5*c + 20563. List the prime factors of c.
5, 991
Let r be -6 + 9 + (-12)/2. Let c(v) = 4*v + 13. Let x be c(r). What are the prime factors of 142/(x - -1) + 2?
73
Let g = 135 - 125. Suppose -g*w + 563 + 2997 = 0. What are the prime factors of w?
2, 89
Suppose -6*d + 14*d - 24 = 0. Suppose 8*n + 88 = -d*n. What are the prime factors of 32/10*n/(48/(-105))?
2, 7
Let w(j) = j**3 + j**2 + 1. Let s(x) = -5*x**3 + 6*x**2 + 3*x + 4. Let r(y) = s(y) + 6*w(y). What are the prime factors of r(-9)?
2, 113
Let y be 1/((-198)/39 - -5). Let w(q) = -59*q - 9. List the prime factors of w(y).
2, 379
Let l(q) = -5*q - 70. Let c be l(-15). Suppose c*d + 1022 = 2892. What are the prime factors of d?
2, 11, 17
Suppose 4*j - 4*g + 13 = 61, 0 = -3*j + 2*g + 31. Suppose j*o - 282 = 180. What are the prime factors of o?
2, 3, 11
Let a = 37 - 42. List the prime factors of a/(-15)*(-5 + 2) + 483.
2, 241
Suppose 6*p = -3*g + 9*p + 6300, 5*p = g - 2104. What are the prime factors of (g - 2)*((-64)/(-12) + -5)?
3, 233
Let c(l) = -101*l + 20. Let r be c(1). What are the prime factors of (-16)/(-36) + -17463*6/r?
2, 647
Let y = 27 + -25. Let v be (-2)/(y - 436/216). Suppose 3*g - v = -3*u, 198 = u + 4*u - g. List the prime factors of u.
3, 13
Let v be 152/6 - 3/9. Let q = v + -39. What are the prime factors of -12*(1 + q/3)?
2, 11
Suppose -437*w + 418*w + 530035 = -80169. What are the prime factors of w?
2, 7, 31, 37
Let p = 1380 + 9843. What are the prime factors of p?
3, 29, 43
Suppose i + 89806 - 20918 = 2*z, 3*z = -i + 103342. What are the prime factors of z?
2, 3, 5741
Suppose -19*a + 70218 = -7302. List the prime factors of ((-16)/10)/(4*(-8)/a).
2, 3, 17
Suppose -49*p = 4*p - 2595154 + 841543. What are the prime factors of p?
3, 41, 269
Let v(t) be the third derivative of t**7/560 + t**6/40 + t**5/10 - 3*t**2. Let h(w) be the third derivative of v(w). What are the prime factors of h(8)?
2, 3, 5
Let r(q) = 554*q**2 - 15*q - 164. List the prime factors of r(-5).
3, 11, 139
Let p(g) = g**2 - 8*g - 13. Let j be p(9). Suppose 0*k - k + 2130 = -5*y, y = k - 430. What are the prime factors of y/j + ((-2)/(-8))/(-1)?
2, 53
Let x = 16024 - 10032. List the prime factors of x.
2, 7, 107
Let c(r) be the third derivative of 1/60*r**6 - 1/2*r**4 + 0*r + 0 + 10*r**2 - 1/60*r**5 + 5/6*r**3. What are the prime factors of c(5)?
2, 5, 17
What are the prime factors of (78 + -4422)/(3/(-4))?
2, 181
Let j(g) = 3*g**3 + g**2 - 13*g + 10. Suppose -5*u + 33 = 2*s, 3*s + 0*s - 12 = 0. What are the prime factors of j(u)?
3, 5, 23
Suppose 10 + 4 = -z. Let n = 213 - 71. Let m = z + n. What are the prime factors of m?
2
Suppose 4*y - 20 = p, -3*y + 12 = y. List the prime factors of (-5)/(20/1042)*(6 + p).
521
Suppose 5*x - f - 9 = 0, 2*f = 8*x - 13*x + 12. Suppose -5*u - 3664 = -x*p - 2*p, 4*u = -p + 916. What are the prime factors of p?
2, 229
Suppose -20*l = -15*l + 2050. Let o = -162 - l. What are the prime factors of o?
2, 31
Suppose -81151 = -s - 3*f, -199*s + 243435 = -196*s + 3*f. What are the prime factors of s?
2, 29, 1399
Suppose -5*z + 5*d + 1655 = 0, -z - 3*d + 1324 = 3*z. Suppose 4*l = c - z - 269, 3000 = 5*c + l. List the prime factors of c.
2, 3, 5
Let y = -171 - -157. What are the prime factors of y/(-3)*1/(6/585)?
5, 7, 13
Suppose 11*s = 19 + 3. Suppose -3*l = 2*g - 2810, -3*l + s*g + 2806 = -0*l. List the prime factors of l.
2, 3, 13
Let j be (-1 - (13 + -8))*1/2. Suppose -4*q + 13 + 11 = 0. List the prime factors of q/4*(-8)/j.
2
Suppose -3*a = j - 8*a - 1387, 2*a - 4212 = -3*j. What are the prime factors of j?
2, 701
Let s(i) = -143*i - 136. Let j(m) = 430*m + 405. Let b(u) = -2*j(u) - 7*s(u). List the prime factors of b(7).
1129
Suppose 36*h - 2692 = 8576. List the prime factors of h.
313
Let f = 55090 - 25861. List the prime factors of f.
3, 9743
Suppose 0 = -41*z + 270651 + 234879. List the prime factors of z.
2, 3, 5, 137
Suppose -10*l + 22 = -38. Let g(b) = -2*b**2 + 13*b - 2. Let m be g(l). What are the prime factors of 1 + 23 + m + -2?
2, 13
Let d(z) = -15*z + 2327. What are the prime factors of d(-15)?
2, 11, 29
Suppose 2*n + 2170 - 6450 = -2*w, -2*w + 8560 = 4*n. What are the prime factors of n?
2, 5, 107
Let b = -4243 + 6263. List the prime factors of b.
2, 5, 101
Suppose -4*s = -11500 + 3704. What are the prime factors of s?
1949
List the prime factors of ((-498)/747)/(1/(-9969)).
2, 3323
Let k(d) = 2*d**3 - 38*d**2 - 79*d + 1450. What are the prime factors of k(26)?
2, 5, 443
Suppose 5*s - 21 = -b + 3, -b + 8 = s. List the prime factors of b - ((-175)/5 - -5).
2, 17
Let i be (-3)/6*(-88)/11. Suppose 40 = 2*r + 2*t - 4, 3*r - 71 = -i*t. What are the prime factors of r?
17
Suppose -4*j + 44*x - 43*x = -218617, -4*j = 3*x - 218645. List the prime factors of j.
2, 7, 61
Let s = -16812 + 24261. What are the prime factors of s?
3, 1